{"id":54,"date":"2014-10-24T17:04:52","date_gmt":"2014-10-24T16:04:52","guid":{"rendered":"http:\/\/relais.argoualch.fr\/?page_id=54"},"modified":"2014-11-02T11:37:17","modified_gmt":"2014-11-02T10:37:17","slug":"dispositif-relais-rive-droite","status":"publish","type":"page","link":"https:\/\/relais.argoualch.fr\/?page_id=54","title":{"rendered":"Dispositif Relais Rive Droite"},"content":{"rendered":"<p>Le Dispositif Relais Rive Droite est ouvert depuis le 7 janvier 2002. Je suis l&rsquo;enseignante depuis l&rsquo;ouverture. Nous (l&rsquo;\u00e9quipe est constitu\u00e9e d&rsquo;une enseignante d&rsquo;un-e \u00e9ducateur-trice \u00e0 mi-temps et d&rsquo;un-e volontaire en service civique) avons accompagn\u00e9 depuis l&rsquo;ouverture environ 230 coll\u00e9gien-ne-s. Avant d&rsquo;\u00eatre sur ce poste j&rsquo;ai enseign\u00e9 en classe de perfectionnement puis en SEGPA.<\/p>\n<p>&nbsp;<\/p>\n<p>Pour suivre <a href=\"http:\/\/drrivedroite.infini.fr\">les travaux du Dispositif Relais Rive Droite<\/a>, un site sur lequel les \u00e9l\u00e8ves publient, l&rsquo;\u00e9quipe publie &#8230;<\/p>\n<p>Au DR Rive Droite, nous aimons la vid\u00e9o, et nous avons <a href=\"http:\/\/medias.drrivedroite.infini.fr\/\">une belle m\u00e9diath\u00e8que. <\/a><\/p>\n<p>&nbsp;<\/p>\n","protected":false},"excerpt":{"rendered":"<p>Le Dispositif Relais Rive Droite est ouvert depuis le 7 janvier 2002. Je suis l&rsquo;enseignante depuis l&rsquo;ouverture. Nous (l&rsquo;\u00e9quipe est constitu\u00e9e d&rsquo;une enseignante d&rsquo;un-e \u00e9ducateur-trice \u00e0 mi-temps et d&rsquo;un-e volontaire en service civique) avons accompagn\u00e9 depuis l&rsquo;ouverture environ 230 coll\u00e9gien-ne-s. Avant d&rsquo;\u00eatre sur ce poste j&rsquo;ai enseign\u00e9 en classe de perfectionnement puis en SEGPA. &nbsp;<a class=\"rmore\" href=\"https:\/\/relais.argoualch.fr\/?page_id=54\">&nbsp;&nbsp; Lire la suite &#8230;<\/a><\/p>\n","protected":false},"author":1,"featured_media":0,"parent":0,"menu_order":0,"comment_status":"open","ping_status":"open","template":"","meta":{"footnotes":""},"_links":{"self":[{"href":"https:\/\/relais.argoualch.fr\/index.php?rest_route=\/wp\/v2\/pages\/54"}],"collection":[{"href":"https:\/\/relais.argoualch.fr\/index.php?rest_route=\/wp\/v2\/pages"}],"about":[{"href":"https:\/\/relais.argoualch.fr\/index.php?rest_route=\/wp\/v2\/types\/page"}],"author":[{"embeddable":true,"href":"https:\/\/relais.argoualch.fr\/index.php?rest_route=\/wp\/v2\/users\/1"}],"replies":[{"embeddable":true,"href":"https:\/\/relais.argoualch.fr\/index.php?rest_route=%2Fwp%2Fv2%2Fcomments&post=54"}],"version-history":[{"count":9,"href":"https:\/\/relais.argoualch.fr\/index.php?rest_route=\/wp\/v2\/pages\/54\/revisions"}],"predecessor-version":[{"id":139,"href":"https:\/\/relais.argoualch.fr\/index.php?rest_route=\/wp\/v2\/pages\/54\/revisions\/139"}],"wp:attachment":[{"href":"https:\/\/relais.argoualch.fr\/index.php?rest_route=%2Fwp%2Fv2%2Fmedia&parent=54"}],"curies":[{"name":"wp","href":"https:\/\/api.w.org\/{rel}","templated":true}]}}