{"id":52,"date":"2014-10-24T17:04:27","date_gmt":"2014-10-24T16:04:27","guid":{"rendered":"http:\/\/relais.argoualch.fr\/?page_id=52"},"modified":"2018-12-15T12:46:24","modified_gmt":"2018-12-15T11:46:24","slug":"liens","status":"publish","type":"page","link":"https:\/\/relais.argoualch.fr\/?page_id=52","title":{"rendered":"Liens"},"content":{"rendered":"<p><a href=\"https:\/\/maonziemeannee.wordpress.com\/\">Ma Onzi\u00e8me ann\u00e9e et les suivantes<\/a>, le blog de Laurence Juin \u00a0\u00bb Au fil des ann\u00e9es scolaires en Lyc\u00e9e professionnel : les usages des outils Web 2.0 : Twitter, Tumblr, Pinterest &#8230;<\/p>\n<p><a href=\"http:\/\/ticeman.fr\/TV\/\">Les tutos de la caverne<\/a>, une mine car \u00ab\u00a0\u00eatre une quiche c&rsquo;est dans la t\u00eate\u00a0\u00bb <a href=\"http:\/\/www.ticeman.fr\/lepropulseur\/\">et encore <\/a><\/p>\n<p><a href=\"http:\/\/lebrunremy.be\/WordPress\/\">Blog de M@rcel<\/a> sur la p\u00e9dagogie, la technologie et aussi sur un peu de tout<\/p>\n<p><a href=\"http:\/\/www.2vanssay.fr\/twittmooc\/\">Le Twittmooc<\/a>, un mooc pour apprivoiser Twitter<\/p>\n<p><a href=\"http:\/\/www.cafepedagogique.net\">Le caf\u00e9 p\u00e9dagogique <\/a>, \u00e0 consommer sans mod\u00e9ration et au passage un grand merci \u00e0 l&rsquo;\u00e9quipe<\/p>\n<p><a href=\"http:\/\/www.lesfabriquesduponant.net\/\">Les fabriques du Ponant,<\/a> #jaimemaville<\/p>\n<p><a href=\"http:\/\/www.a-brest.net\/\">a-brest<\/a> Citoyennet\u00e9 et nouvelles technologies #jaimeencoremaville<\/p>\n<p><a href=\"http:\/\/www.lacantine-brest.net\/\">La Cantine Num\u00e9rique &#8211; An Daol Vras<\/a> #jaimeencoreencoremaville<\/p>\n<p><a href=\"http:\/\/www.cahiers-pedagogiques.com\/\">Cahiers p\u00e9dagogiques<\/a> : changer la soci\u00e9t\u00e9 pour changer l&rsquo;\u00e9cole, changer l&rsquo;\u00e9cole pour changer la soci\u00e9t\u00e9<\/p>\n<p><a href=\"http:\/\/www.atd-quartmonde.fr\/\">ATD Quart monde<\/a> : penser et agir autrement contre la mis\u00e8re<\/p>\n<p><a href=\"http:\/\/www.infini.fr\/\">L&rsquo;Association Infini <\/a>h\u00e9bergeur associatif brestois<\/p>\n<p><a href=\"http:\/\/www.injep.fr\/\">L&rsquo;INJEP\u00a0\u00a0\u00a0 <\/a>L&rsquo;observatoire de la jeunesse et des politiques de la jeunesse<\/p>\n<p><a href=\"https:\/\/www.youtube.com\/user\/LesTutosdeHuito\">Les tutos de Huito <\/a>apprendre l&rsquo;anglais<\/p>\n<p><a href=\"http:\/\/www.cooperations.infini.fr\/\">Histoires de coop\u00e9ration <\/a> un espace d\u2019expression autour des communs, de la coop\u00e9ration et des d\u00e9marches contributives par Michel Briand<\/p>\n","protected":false},"excerpt":{"rendered":"<p>Ma Onzi\u00e8me ann\u00e9e et les suivantes, le blog de Laurence Juin \u00a0\u00bb Au fil des ann\u00e9es scolaires en Lyc\u00e9e professionnel : les usages des outils Web 2.0 : Twitter, Tumblr, Pinterest &#8230; Les tutos de la caverne, une mine car \u00ab\u00a0\u00eatre une quiche c&rsquo;est dans la t\u00eate\u00a0\u00bb et encore Blog de M@rcel sur la p\u00e9dagogie,<a class=\"rmore\" href=\"https:\/\/relais.argoualch.fr\/?page_id=52\">&nbsp;&nbsp; Lire la suite &#8230;<\/a><\/p>\n","protected":false},"author":1,"featured_media":0,"parent":0,"menu_order":0,"comment_status":"open","ping_status":"open","template":"","meta":{"footnotes":""},"_links":{"self":[{"href":"https:\/\/relais.argoualch.fr\/index.php?rest_route=\/wp\/v2\/pages\/52"}],"collection":[{"href":"https:\/\/relais.argoualch.fr\/index.php?rest_route=\/wp\/v2\/pages"}],"about":[{"href":"https:\/\/relais.argoualch.fr\/index.php?rest_route=\/wp\/v2\/types\/page"}],"author":[{"embeddable":true,"href":"https:\/\/relais.argoualch.fr\/index.php?rest_route=\/wp\/v2\/users\/1"}],"replies":[{"embeddable":true,"href":"https:\/\/relais.argoualch.fr\/index.php?rest_route=%2Fwp%2Fv2%2Fcomments&post=52"}],"version-history":[{"count":14,"href":"https:\/\/relais.argoualch.fr\/index.php?rest_route=\/wp\/v2\/pages\/52\/revisions"}],"predecessor-version":[{"id":399,"href":"https:\/\/relais.argoualch.fr\/index.php?rest_route=\/wp\/v2\/pages\/52\/revisions\/399"}],"wp:attachment":[{"href":"https:\/\/relais.argoualch.fr\/index.php?rest_route=%2Fwp%2Fv2%2Fmedia&parent=52"}],"curies":[{"name":"wp","href":"https:\/\/api.w.org\/{rel}","templated":true}]}}